 -2*s**3 + 3*s**2 + s - 2. Let k be f(2). Let n be k/(-16) - 38/(-8). Determine r(n).
-8
Let r be 0 - (3 + (-20)/4). Let v(k) = -6*k**2 - 15*k - r + 3*k + 13*k - k**3. What is v(-6)?
-8
Let y(p) = 3*p**2 - p - 4*p**2 - 4 - 5*p + 0*p. Calculate y(-5).
1
Let j be (-12)/8*2/(-3). Let k(n) = j - n + n + n. Determine k(-7).
-6
Let y(a) be the second derivative of a**3/6 + 5*a**2/2 + 2*a. Suppose 2*k - 6*k + 12 = 0. Let g(c) = -c**2 + c + 1. Let o be g(k). Calculate y(o).
0
Let w(f) = 19*f + 12*f + 14*f + 1 - 48*f. Let r = -2 - 0. What is w(r)?
7
Let d(v) = -v**2 + 6*v - 3. Suppose c = 6 + 4. Let a be 4/(-18) + 129/(-27). Let x = a + c. Calculate d(x).
2
Let z be (-2)/(-6) - (-219)/(-9). Suppose 2*b = -3*h + 4, -3*b + 4*b - 2 = h. Let a be ((-8)/z)/(b/(-30)). Let i(o) = o**2 + 3*o - 1. What is i(a)?
9
Let t(c) = -c**2 + 6*c - 6. Let p be 2 - 4*1/(-1). What is t(p)?
-6
Let t(y) = -y**3 + 8*y**2 + y - 2. Suppose -55 = -2*r - 4*i - 19, 4*r + 2*i = 42. Determine t(r).
6
Let m(q) = -80*q - 4 - q**3 + 8*q**2 - 7 + 90*q. Give m(9).
-2
Let q(w) = -3*w**2 - w - 1. Suppose -4*s = -8 + 12. Calculate q(s).
-3
Let h(w) = w**3 + w**2 - 2*w + 1. Suppose -5*c + 6*t + 17 = 3*t, 0 = 2*c - 2*t - 10. Let o be (-2 - -1) + c + 1. Let r = 0 + o. Calculate h(r).
1
Let y(f) = -3 + 0*f - 2*f + 1. Let q(t) = -t**3 - 13*t**2 + 15*t + 10. Let l be q(-14). Give y(l).
6
Let g be (-32)/(-18) - (-4)/18. Let c(f) = -1 - g*f + f - 7. Suppose 15 = 3*q - 4*h - 1, -16 = q + 4*h. Determine c(q).
-8
Let a = -131 - -129. Let q(d) = -2 - 2*d + d**2 + 2*d. Calculate q(a).
2
Let a(m) = 2*m + 5. Let d(o) = o. Let f(r) = -a(r) + 3*d(r). Suppose 4*s + 6 = 18. Let c = s - -2. Calculate f(c).
0
Let w = -67 - -66. Let g(p) = 25*p**3 - 20*p**2 - 20. Let a be -3*(-1)/(-3)*-20. Let k(n) = n**3 - n**2 - 1. Let b(c) = a*k(c) - g(c). Determine b(w).
5
Let h(b) = b**3 - b**2. Suppose 3*y = 4*o + 4*y - 4, -2*o - 12 = 4*y. Calculate h(o).
4
Let a(r) = r + 1. Let k = -4 - -1. Let b be (k/2)/(15/(-50)). What is a(b)?
6
Let z(y) = 3*y**3 - 62*y**2 - 20*y - 21. Let w be z(21). Let h(s) = -2 + s - 2 - 1 + s**2. Calculate h(w).
-5
Let u = 15 + -18. Let s(t) be the third derivative of t**6/120 + t**5/15 + t**4/8 + t**3/3 - t**2. Give s(u).
2
Let s(z) = -1709 + 1709 - z**2 + 3*z. Calculate s(3).
0
Let t(j) = -5*j**2 + 6*j**2 + 7*j - 2*j - j + 1. Determine t(-4).
1
Let j(m) = -m**2 - 8*m + 4. Let r be j(-8). Suppose s + 3 = r. Let v be (-1)/(0 - s) + -2. Let p(y) = 3*y**3 + 2*y + 1. What is p(v)?
-4
Suppose 17 = -3*r - 7. Let z = r + 14. Let f(x) = x - 3. What is f(z)?
3
Let m(s) = -s**3 - 8*s**2 - 6*s + 8. Let o be m(-7). Let b(v) = -11*v**3 - 2*v**2 + v. Determine b(o).
-12
Let k(f) = 4*f + f**2 + 3 + 1 - 2*f + 4*f. Suppose 319 = 5*s + 129. Suppose -4*x = -5*q - s, 4*q = 2*x + 3*x - 34. What is k(q)?
4
Let b = 2 + 3. Suppose -a = 5*y - 17, -5*y + 11 = a - 2*y. Let q(v) = b - 1 - 3 + v**a - v. Give q(-2).
7
Let l(g) = -g + 9. Let w be l(6). Suppose 0 = c - w. Let s(f) = f**3 - 4*f**2 + 3*f + 2. What is s(c)?
2
Let t(l) = 0*l - 17 - l + 22. What is t(-4)?
9
Let r(i) = 2*i**2 + 5*i - 4*i**2 + 0 + 3 - i**3 - 2. Calculate r(-4).
13
Let w(u) = u**3 - 3*u**2 + 3. Let f(c) = -c**3 - 5*c**2 + 4*c - 1. Let r be f(-6). Let b = -11 + r. Suppose b = 3*d - 3 - 6. Give w(d).
3
Suppose 0 = -3*t - 2*k - 2 - 3, -5*t - 7 = 2*k. Let x(w) be the third derivative of -1/12*w**4 - 1/6*w**3 + 4*w**2 - 1/10*w**5 + 0 + 0*w. What is x(t)?
-5
Let z be (1 - (1 - -18)) + -2. Let n be 68/z + (-2)/(-5). Let s(r) = -4*r + 1 - r**2 + 0*r + 2. Calculate s(n).
6
Let x(r) = -r**2 + 2*r - 3. Let j(m) = m**3 - 4*m**2 + 3*m. Let z be j(2). Let f = z + 4. What is x(f)?
-3
Let i(k) = -k**3 + 8*k**2 + 9*k - 4. Suppose 42*w - 44*w = -18. Determine i(w).
-4
Let a(z) = 0*z - 8*z + 6*z. What is a(3)?
-6
Let a(j) = 0 - j + 0*j - 2. Suppose -24 = -0*o - 2*o. Let p = -14 + o. Calculate a(p).
0
Let k(s) be the third derivative of -1/8*s**4 + 2*s**2 + 1/60*s**5 + 0*s + 2/3*s**3 + 0. Let v = -5 - -8. Determine k(v).
4
Suppose 0 = -5*y + 115 - 170. Let o(s) = -s - 18. Calculate o(y).
-7
Let w(x) = -x**3 + x**2 + 8. Let m(y) = -y + 4. Let s be m(3). Let o be (0 + 0)/(s + -3). What is w(o)?
8
Let w(d) = -d + 10. Suppose 2*u - 5 - 11 = 0. Let s be w(u). Let a(c) = c**2 - 2*c + 2. What is a(s)?
2
Let z be 0/(-2) - (-4 - -4). Suppose z = -2*u + 3*u - 2. Suppose -10 = -4*w - u*i, -3*i = 2*w - 0*w + 1. Let x(y) = y**3 - 5*y**2 + 5*y - 3. Calculate x(w).
1
Let l = -12 + 14. Let m(g) = g**3 - 4 + 10 - 2*g**l - 1 + 5*g**2 - 3*g. What is m(-4)?
1
Let t(k) be the second derivative of k**3/2 - k**2 + 4*k. Let y be t(2). Let g(j) = 3*j - 6. Determine g(y).
6
Let n(u) = 5*u**2 + 2*u - 6. Let b(k) = k**2 + k - 1. Let q(l) = -4*b(l) + n(l). Let p(y) = -2*y + 3. Let h be p(2). Let g be -1 + -2 - h - 0. Calculate q(g).
6
Let p(y) = 6 - 2*y**3 + 0 - 7 + 6*y**3. Suppose 5*k = 3*g + 2, 2*k + 2*g - 4 = -0. Determine p(k).
3
Let z(p) = -p + 4. Let j(c) = 4*c - 6. Let d be j(5). Let s be (4/7)/(4/d). Suppose -s*a + 4 = -a. Calculate z(a).
0
Let p(w) = w - 12. Let i(f) = -5*f + 46. Let j(q) = 2*i(q) + 9*p(q). Determine j(-8).
-8
Let t be (6/9)/((-5)/(-30)). Suppose 0 = -t*s - 2*s + 6. Let q(k) = 11*k + 1. Calculate q(s).
12
Let c(d) = -d + 3. Let g be -3 - (3 - 6) - 0. Let u be c(g). Let l(a) = 3*a - 3*a + u*a - 4*a - 2. Give l(-5).
3
Let k(m) be the second derivative of -m**5/20 + 7*m**4/12 + m**3/6 - 5*m**2/2 - 4*m. Let g = 8 + -1. Determine k(g).
2
Let u(d) = -d**2 + 11*d - 7. Let t be u(11). Let c(a) = a**3 + 7*a**2 - 2*a - 3. What is c(t)?
11
Let i(w) = 32 - w + 34 - 68. Suppose 3*u - h + 17 = 0, 1 = u - 0*u + 3*h. Give i(u).
3
Let k(w) be the first derivative of 2*w**2 - 3*w - 1/3*w**3 + 1. Calculate k(4).
-3
Let k(j) = j - 16. Let o be k(13). Let x(f) = f**2 - f - 4. Calculate x(o).
8
Let f(c) be the second derivative of -c**5/20 - c**4/12 + c**3/2 - c**2 - c. Let u be (-44)/(-33) - 4/(-6). Determine f(u).
-8
Let b = -47 - -38. Let j(y) = -y - 17. Calculate j(b).
-8
Let y = -16 + 11. Let o(v) = -v**2 - 4*v + 7. Let t be o(y). Suppose -5*x - 12 = -t*x. Let m(l) = l**2 + 2*l - 2. Determine m(x).
6
Let p be 5/(-10) + (-9)/(-2). Let x be (-10)/p - 1/(-2). Let i(a) be the third derivative of -a**6/120 - a**5/20 - a**3/3 - 2*a**2. Give i(x).
-6
Let l = -9 + 13. Let b(c) = -c**2 + c + 3. Give b(l).
-9
Suppose -3*q - 2*l - 18 = 0, 5*q - 2*l + 13 = -17. Let a(f) = f**3 + 7*f**2 + 5*f. Calculate a(q).
6
Let v(n) be the second derivative of -n**3/2 - 3*n**2 + 5*n. Let x(a) = 8*a + 17. Let j(o) = -11*v(o) - 4*x(o). Calculate j(-4).
-6
Let a(d) = d - 4. Let x(h) = -h**2 - 3*h + 2. Let k be x(-3). Determine a(k).
-2
Let n(c) be the first derivative of -c**2/2 + 4*c - 2. Suppose 0 = y - 1 - 2, 4*y = 4*i. What is n(i)?
1
Let b(n) = 6*n**3 - 2*n + 1. Let a = 37 - 36. Give b(a).
5
Let w(z) be the second derivative of -1/3*z**3 - z**2 + 0 + 1/15*z**5 - 1/60*z**6 - 2*z - 1/24*z**4. Let c(i) be the first derivative of w(i). What is c(2)?
-4
Let q(v) = -5*v - 1. Suppose -4*c - 4 = 4*j, -c = -5*j + 7 - 18. Calculate q(j).
9
Let h(k) = 2*k - 1. Suppose -3*x + 3 = -4*x. Let n be x - (1 + 0)*-6. Determine h(n).
5
Let l = -1 - -2. Let g be -1*l + -4 + 5. Let i(x) = 0*x**3 + x**3 - 4*x + g*x**2 - 4 - 3*x**2. Give i(4).
-4
Suppose 14 = 7*l - 2*l - 2*r, 2*l = -2*r. Let g(y) = 2 - 2*y**2 + y**2 - y + l*y**2. Determine g(0).
2
Let m(k) = -6*k**2 - 2 + k**2 - 8*k + 0*k. Let s(l) = -4*l**2 - 8*l - 1. Suppose 4*r - 6 = 5*r. Let p(d) = r*s(d) + 5*m(d). Determine p(6).
8
Suppose -4*q - 2*y = 26, 6*y - y = 5. Let k(i) = i**3 + 6*i**2 - 5*i + 9. Determine k(q).
-5
Let y(p) = 2*p - 1. Let w be -2 + 3 + 2 + 1. Suppose x - 5*u - 27 = 0, 16 = -3*u + w. Suppose -5*g - x - 3 = 0. Calculate y(g).
-5
Let w(v) = -v**2 + 2*v + 3. Let s be w(3). Let o = s - -3. Suppose 4 + 1 = -b, 2*b = -o*x - 16. Let m(r) = -r**3 - r**2 + 4*r + 3. Give m(x).
-1
Let x(f) = f - 1. Let s be ((-2)/(-8))/(5/20). Let g be (1 + 3)/(s + -2). Calculate x(g).
-5
Let h(z) be the second derivative of -1/3*z**3 + 2*z - z**2 + 0. Let d(k) = k + 1. Let x be d(-3). What is h(x)?
2
Let g(t) be the first derivative of -t**2/2 - 6*t - 7. Let c be g(-10). Let d(w) = -w**3 + 5*w**2 - 5*w - 1. Give d(c).
-5
Let u(l) = -3*l**2 + 6*l - 1. Let q(y) be the first derivativ